 6 - (-6 - ((12 - 5) + -3)).
16
What is the value of -15 + 2 - ((14 - 17) + 0)?
-10
Evaluate -9 + -15 + 42 + (-14 - -6).
10
Evaluate -19 + 19 + (-2 - -2) - -3 - 14.
-11
Evaluate 1 - 12 - (7 + (-8 - 3)).
-7
What is the value of (1 + 2 - (-279 - -277)) + -3 + 1?
3
Evaluate (11 - 9) + -13 - 1.
-12
What is the value of 0 - (26 - 23 - (4 + -1 + -2))?
-2
What is the value of (-1 - -5) + (-11 - (6 - (4 + 4)))?
-5
What is the value of 9 + 21 - (10 - 0)?
20
Evaluate 6830 + -6870 - ((-2 - (0 - 2)) + 1).
-41
Calculate (27 - 29) + (-1 - (5 + -2)).
-6
Evaluate -9 + (-15 - -6 - -7) + 4.
-7
Calculate 51 + -9 + 4 + -25.
21
(-74 - -60) + (9 - -5)
0
-31 + 11 + 5 - (-2 - -1)
-14
What is (-35 - -2) + 32 + (-73 - -48)?
-26
What is the value of 11 + -2 + 0 + (12 - (-52 - -66))?
7
What is the value of 1283 + -1263 + -26 + -1?
-7
What is -19 + 23 + 5 + -19?
-10
What is -19 + (-4 - 10) + 4?
-29
Evaluate -10 + 13 + -6 - (-3 + -1).
1
Evaluate 10 - ((-24 - -3) + 7).
24
Calculate 17 - ((-9 - (-7 - 15)) + -8).
12
Calculate 4 - 2 - -3 - (-31 + 19).
17
What is -6 + (16 - 5) - (10 + -1)?
-4
Evaluate -12 + (2 - (1 + 1) - (15 + -14)).
-13
Calculate -10 - (-4 - (8 + -11)).
-9
What is -12 + 5 - (1 + -6 + (27 - 14))?
-15
27 + -1 - 13 - 8
5
What is -3 + 0 - ((-30 - -43) + -30)?
14
Calculate 3 - ((0 - 10) + 5 + (-2 - -2)).
8
Evaluate (-2 - (-6 + 0)) + 10 + -12 - -3.
5
What is the value of (9 - 25) + (-22 - -39)?
1
(67 - 73) + -2 + 4 + 2 - -17
15
6 + 4 - ((-11 - -7) + 11)
3
Evaluate -6 + 50 + (9 - (11 + 2)) - 8.
32
Calculate -9 + (-4 - (2 + (-5 - 0) - -5)).
-15
Evaluate -3 - 0 - -21 - 13.
5
Evaluate -28 - 1 - 0 - (1847 + -1860).
-16
What is (-3 - (-6 - -7 - 11)) + -9 + 35?
33
Evaluate (-121 - (-15 + -71)) + (-5 - (-2 + 1)).
-39
-4 - 3 - -4 - (-2 + -1) - -7
7
What is the value of -13 + (-30 - (-49 - -12 - -18))?
-24
What is -12 + 0 - (8 - (-7 + 20))?
-7
What is -29 + 2 + 25 - (0 - 3)?
1
What is (4 - (8 - -2)) + 0 + -5?
-11
What is the value of 28 + (-32 - -25) + -6?
15
Evaluate -6 + 25 + -29 + 0 + 1 + 0.
-9
What is the value of (-6 - 2 - -16) + -7 + -1?
0
What is -46 + (-30 - -48) - (-2 - 3)?
-23
Evaluate 2 + (-14 - 1) - (-1089 - -1057).
19
Calculate (-5 + 15 - 1) + (7 - 6).
10
What is (-8 - -1 - -14) + -19?
-12
-5 + -12 + (-9 - -16)
-10
16 + (-1 - 3) - (121 + -126)
17
Calculate (0 - -2) + 3 + 389 + -385.
9
(-15 - -32) + -54 - -39
2
What is -8 - (-12 - 3) - (-1 - -9)?
-1
Calculate -6 + (4 + -7 + -2 - -11) - 4.
-4
What is the value of 29 + (-42 - -19) + 11 + -1?
16
What is (-1 - (-1 + 14 + -2)) + -63 + 64?
-11
What is the value of 1 + -6 + -3 - (10 + -27)?
9
What is the value of 3 + -1 - 2 - (78 - 80)?
2
(6 + 4 - ((5 - 1) + -4)) + 2
12
What is the value of 14 + 3 + 42 + -51?
8
What is -9 + (7 - 3) - (-22 + 26 + 23)?
-32
Calculate 18 + (-29 - (16 + (13 - 44))).
4
Evaluate -6 + (-4 - (12 + -33)).
11
What is 1 + 6 + (-491 - -489)?
5
What is (-20 - (-6 + 8)) + 16?
-6
What is the value of 4 + -15 + (-1 - (-7 + 6))?
-11
What is -3 - 15 - (-13 + 7)?
-12
What is 2 + 23 + (-5 - 4) - 9?
7
Calculate 2185 + -2178 - (2 + 0).
5
Calculate 4 - 3 - -5 - (-687 + 698).
-5
17 - (-5 - -20) - -6
8
9 - (16 - 2) - 5
-10
What is the value of 12 - (-5 + (5 - (0 - (-4 + 3))))?
13
What is 1 - ((1 - 4) + -1 + 0) - 13?
-8
What is 38 + -37 - (4 + 11 + -5)?
-9
What is the value of 5 - (1 + -3 + 3 + 6 + -7)?
5
Evaluate 7 + (2 + (10 - (-8 - -1)) - 8).
18
(-9 + (-6 - -18) - 12) + 9
0
What is the value of (2 - 5) + (-3 - -1) + 4 + -7?
-8
Calculate 21 + 8 + (-12 - (-8 + 20 + -16)).
21
Evaluate -1 + 3 + (-11 - (4 + -11 + 1)).
-3
Evaluate 2 + -14 - (45 + -48).
-9
Evaluate (7 - (19 - 5)) + 0 + 1.
-6
Evaluate -6 + 0 + (-31 - (18 - 41)).
-14
What is the value of 34 - 12 - (-6 - -10) - 40?
-22
What is 2 + (4 - 0) - ((2 - -6) + -9)?
7
28 - (31 + -26) - 3
20
Evaluate (-29 - (-59 + 40)) + 45.
35
What is -11 + -9 + 11 + -1 - 3?
-13
What is the value of (0 - 2 - 3) + (64 - -8 - 44)?
23
Calculate -10 + 17 + -23 + 6 - -5.
-5
What is the value of (-5 - (1 + 1)) + 372 + -351?
14
What is (-26 - -62 - 41) + -1 + -20?
-26
What is -9 + (14 - -21 - 15)?
11
(13 - (19 - (21 + -10))) + 6
11
What is the value of -8 - -3 - (5 + (-4 - -22) + -14)?
-14
24 - -2 - (-223 + 258)
-9
Calculate (10 - 12) + -22 + 1 + 0 + 3.
-20
What is (22 - 0) + -2 + 10 + (-20 - -4)?
14
2 + -10 + -3 - -10
-1
What is the value of -19 + (-18 - 2) - -15?
-24
What is the value of 12 + -2 + (8 - 27) - -10?
1
What is the value of (-1 - (-4 - -2) - (0 + 2)) + -19?
-20
Calculate 8 - (8 + 1) - (-1 - -16).
-16
12 + -13 + -12 + 3
-10
What is -160 - -156 - (2 + -25)?
19
Evaluate (-2 - (3 + -5)) + (5 + -1 - -1).
5
What is 5 + (-12 - (-10 + 4)) - -6 - 15?
-10
What is the value of 14 + 0 - (36 - 35)?
13
Calculate 2 - (-5 + -10 + 6 + -1).
12
Evaluate (13 - (21 - (20 - 12))) + -7.
-7
Calculate ((-12 - -1 - -3) + 8 - 24) + -9.
-33
Calculate 1 + 3 - (48 - 101 - -60).
-3
Evaluate -34 + 0 + (2 - 0).
-32
What is the value of 480 - 479 - ((1 - -1) + 4 + -1)?
-4
What is the value of 9 + (4 + -1 - (22 - (-6 + 22)))?
6
-39 + (41 - 15) + 29
16
What is 0 + 1 + 5 + (8 - 17)?
-3
Calculate 27 + (-37 - -22) - 21.
-9
Evaluate -22 + 0 + (-419 - -444).
3
What is -16 - (21 - (8 - -9))?
-20
What is the value of 41 - 14 - 25 - 6?
-4
Evaluate 4 - (-181 + 171 - (1 + -2)).
13
What is the value of -11 + 2 - (14 + -24)?
1
What is the value of -1 + 2 - (39 + -36) - -7 - 15?
-10
What is the value of (-42 - (0 - -9)) + 35?
-16
What is (-27 - -57 - 37) + -10?
-17
Evaluate 6 + 6 + -3 + -5 + 6.
10
What is 9 - (-2 - (9 + -5 + -2 + 21))?
34
-34 + 67 + -4 + -12
17
What is the value of (403 - 390) + (-2 - (30 + 2))?
-21
What is the value of 14 + -10 + (-1 - -1) + -25 + 7?
-14
What is the value of (2 - -5) + -11 + 1 + (18 - -2)?
17
What is the value of 17 - (-8 + (13 - 4) - (-6 + 4))?
14
Evaluate -16 + 0 + -20 + 31.
-5
(2 - (4 + 0 + -3)) + -25 + 45
21
11 - ((18 - 40) + 33)
0
Calculate 7 - -6 - 26 - (-1 + 4).
-16
Evaluate -33 - (10 - (53 - 34)).
-24
What is the value of -4 + 1 - -4 - (-14 + 9) - 29?
-23
What is -4 - (29 + 0 - (31 - 12 - 15))?
-29
-12 - (-10 - (-19 + 11))
-10
Calculate 13 - (10 - -8) - -19 - -3.
17
Evaluate (-9 - 3 - -32) + -9 + 0 + 2.
13
-17 + 18 + -4 + (-4 - -1 - -15)
9
6 - (1 + 5 - (-83 + 86)) - 13
-10
-10 - -35 - 16 - ((-4 - -11) + 1)
1
What is the value of 8 + 9 + -21 + 9 - -6?
11
What is -5 + -1 + 18 + -13?
-1
Calculate (-3 - -6) + -19 + 7 + 23.
14
-15 - (3 - -5) - -10
-13
Evaluate -489 + 466 + (0 - -26).
3
Evaluate 10 - (-42 - -17 - -16).
19
What is the value of -20 + 0 - (10 + 20 + -48 + 17)?
-19
Calculate -1266 + 1280 + -18 + 0.
-4
What is the value of -4 + (9 - 2) - (4 + -4 - -5)?
-2
Calculate -19 + 20 - (-7 + -6).
14
11 + -44 - (6 - 19 - -4)
-24
Evaluate -5 - -35 - (-6 + 6).
30
14 + 0 + (-70 - -60)
4
19 - ((25 - 15) + -4)
13
Calculate -204 + 203 + (-3 - (2 + 14 - -1)).
-21
Evaluate -25 + -42 + 28 + 44.
5
What is -12 + 11 + -7 + 8?
0
Calculate 19 - (-24 - (-8 - 24)).
11
What is -5 + 23 + -2 + (2 + 0 - 6)?
12
Evaluate (4 - (31 - 15)) + 3 + 24.
15
Evaluate (-15 - -3) + 8 - (23 - 4).
-23
Evaluate 14 + -13 + (-2 - -6) + 8.
13
What is -8 + (-11 - -10 - 15) + 29?
5
Calculate -26 + (65 - (21 + -1)).
19
What is -4 + (-3 - -8) - (-21 + 7 - -8)?
7
(38 - 19) + 13 + -32
0
Calculate 4 + 2 - ((-7 - -34) + (0 - 7)).
-14
Calculate 797 - 770 - (8 + -1).
20
What is (2 + -6 - -5) + (15 - (33 + -25))?
8
Evaluate -12 - (9 - (29 + 11 + -18)).
1
10 - -8 - (10 + 1)
7
Calculate 9 - (-2 + 19 + -6).
-2
Evaluate 5 + 5 + -5 + 6 + (-6 - -5).
10
Evaluate (-23 - -20) + (2 - 2) - (-7 + 0).
4
What is the value of (6 - (-1 + 5)) + (-30 - -12) - 1?
-17
What is the value of 1 + -14 + 3 + -1?
-11
Calculate (8 - 2 - (-48 + 62)) + 25.
17
Calculate 459 - 477 - ((1 - 0 - 3) + 0).
-16
Evaluate 38 - 35 - (-3 - (2 + -5)).
3
13 - (22 - 8 - -2) - (-2 + -28)
27
Evaluate (-73 - -61) + -24 + (13 - 1).
-24
(1 - -22) + (-195 - -165)
-7
Evaluate 39 - (77 + (27 - 57)).
-8
What is 2 + -6 + (7 - 28 - -12)?
-13
What is (-10 - (-19 - (-11 + 3))) + (10 - 0)?
11
What is 34 - (-13 + 6) - 21?
20
(-120 + 128 - (-11 - 2)) + 6
27
2 + 5 + (-14 - -6 - 8)
-9
3 + -1 + 5 + -2 - (19 + 1)
-15
Calculate -18 + (-10 - (-10 + 5) - -12) + 6.
-5
1 - 0 - ((6 - -7) + -5)
-7
Calculate 5 + -6 + 18 + -9.
8
Calculate 14 - ((1 - 13) + -37 + 68).
-5
Evaluate (-25 - 1) + (-6 + 5 +